{"id":1170,"date":"2024-11-17T17:54:47","date_gmt":"2024-11-17T16:54:47","guid":{"rendered":"https:\/\/createtemplate.es\/plantillaps\/?page_id=1170"},"modified":"2024-11-17T18:06:25","modified_gmt":"2024-11-17T17:06:25","slug":"terapia-de-pareja","status":"publish","type":"page","link":"https:\/\/createtemplate.es\/plantillaps\/terapia-de-pareja\/","title":{"rendered":"Terapia de Pareja"},"content":{"rendered":"\t\t<div data-elementor-type=\"wp-page\" data-elementor-id=\"1170\" class=\"elementor elementor-1170\">\n\t\t\t\t<div class=\"elementor-element elementor-element-dce7fcc e-flex e-con-boxed wpr-particle-no wpr-jarallax-no wpr-parallax-no wpr-sticky-section-no e-con e-parent\" data-id=\"dce7fcc\" data-element_type=\"container\" data-settings=\"{&quot;background_background&quot;:&quot;classic&quot;}\">\n\t\t\t\t\t<div class=\"e-con-inner\">\n\t\t\t\t<div class=\"elementor-element elementor-element-d2288b5 wpr-main-menu-align-left wpr-main-menu-align--tabletleft wpr-main-menu-align--mobileleft wpr-pointer-underline wpr-pointer-line-fx wpr-pointer-fx-fade wpr-sub-icon-caret-down wpr-sub-menu-fx-fade wpr-nav-menu-bp-mobile wpr-mobile-menu-full-width wpr-mobile-menu-item-align-center wpr-mobile-toggle-v1 wpr-sub-divider-yes wpr-mobile-divider-yes elementor-widget elementor-widget-wpr-nav-menu\" data-id=\"d2288b5\" data-element_type=\"widget\" data-settings=\"{&quot;menu_layout&quot;:&quot;horizontal&quot;}\" data-widget_type=\"wpr-nav-menu.default\">\n\t\t\t\t<div class=\"elementor-widget-container\">\n\t\t\t\t\t<nav class=\"wpr-nav-menu-container wpr-nav-menu-horizontal\" data-trigger=\"hover\" data-consider-header=\"\" data-scroll-speed=\"500\"><ul id=\"menu-1-d2288b5\" class=\"wpr-nav-menu\"><li class=\"menu-item menu-item-type-post_type menu-item-object-page menu-item-home menu-item-58\"><a href=\"https:\/\/createtemplate.es\/plantillaps\/\" class=\"wpr-menu-item wpr-pointer-item\">INICIO<\/a><\/li>\n<li class=\"menu-item menu-item-type-custom menu-item-object-custom menu-item-home menu-item-1015\"><a href=\"https:\/\/createtemplate.es\/plantillaps\/#coach\" class=\"wpr-menu-item wpr-pointer-item\">COACH<\/a><\/li>\n<li class=\"menu-item menu-item-type-custom menu-item-object-custom menu-item-home menu-item-has-children menu-item-1016\"><a aria-haspopup=\"true\" aria-expanded=\"false\" href=\"https:\/\/createtemplate.es\/plantillaps\/#psicologo\" class=\"wpr-menu-item wpr-pointer-item\">PSICOLOGO<i class=\"wpr-sub-icon fas\" aria-hidden=\"true\"><\/i><\/a>\n<ul class=\"sub-menu wpr-sub-menu\">\n\t<li class=\"menu-item menu-item-type-post_type menu-item-object-page menu-item-753\"><a href=\"https:\/\/createtemplate.es\/plantillaps\/terapia-individual\/\" class=\"wpr-sub-menu-item\">Terapia Individual<\/a><\/li>\n\t<li class=\"menu-item menu-item-type-post_type menu-item-object-page menu-item-1178\"><a href=\"https:\/\/createtemplate.es\/plantillaps\/terapia-de-pareja\/\" class=\"wpr-sub-menu-item\">Terapia de Pareja<\/a><\/li>\n\t<li class=\"menu-item menu-item-type-post_type menu-item-object-page menu-item-762\"><a href=\"https:\/\/createtemplate.es\/plantillaps\/terapia-familiar\/\" class=\"wpr-sub-menu-item\">Terapia Familiar<\/a><\/li>\n\t<li class=\"menu-item menu-item-type-post_type menu-item-object-page menu-item-765\"><a href=\"https:\/\/createtemplate.es\/plantillaps\/terapia-para-adolescentes\/\" class=\"wpr-sub-menu-item\">Terapia para Adolescentes<\/a><\/li>\n<\/ul>\n<\/li>\n<li class=\"menu-item menu-item-type-post_type menu-item-object-page menu-item-1002\"><a href=\"https:\/\/createtemplate.es\/plantillaps\/sobre-mi\/\" class=\"wpr-menu-item wpr-pointer-item\">SOBRE M\u00cd<\/a><\/li>\n<li class=\"menu-item menu-item-type-post_type menu-item-object-page menu-item-1104\"><a href=\"https:\/\/createtemplate.es\/plantillaps\/blog\/\" class=\"wpr-menu-item wpr-pointer-item\">BLOG<\/a><\/li>\n<li class=\"menu-item menu-item-type-custom menu-item-object-custom menu-item-home menu-item-43\"><a href=\"https:\/\/createtemplate.es\/plantillaps\/#contacto\" class=\"wpr-menu-item wpr-pointer-item\">CONTACTO<\/a><\/li>\n<li class=\"menu-item menu-item-type-post_type menu-item-object-page menu-item-1394\"><a href=\"https:\/\/createtemplate.es\/plantillaps\/home\/\" class=\"wpr-menu-item wpr-pointer-item\">Home<\/a><\/li>\n<li class=\"menu-item menu-item-type-post_type menu-item-object-page menu-item-1840\"><a href=\"https:\/\/createtemplate.es\/plantillaps\/home01\/\" class=\"wpr-menu-item wpr-pointer-item\">Home01<\/a><\/li>\n<li class=\"menu-item menu-item-type-post_type menu-item-object-page menu-item-2032\"><a href=\"https:\/\/createtemplate.es\/plantillaps\/home04\/\" class=\"wpr-menu-item wpr-pointer-item\">Home04<\/a><\/li>\n<li class=\"menu-item menu-item-type-post_type menu-item-object-page menu-item-2045\"><a href=\"https:\/\/createtemplate.es\/plantillaps\/home02\/\" class=\"wpr-menu-item wpr-pointer-item\">Home02<\/a><\/li>\n<li class=\"menu-item menu-item-type-post_type menu-item-object-page menu-item-2272\"><a href=\"https:\/\/createtemplate.es\/plantillaps\/home004\/\" class=\"wpr-menu-item wpr-pointer-item\">Home004<\/a><\/li>\n<li class=\"menu-item menu-item-type-post_type menu-item-object-page menu-item-2367\"><a href=\"https:\/\/createtemplate.es\/plantillaps\/home001\/\" class=\"wpr-menu-item wpr-pointer-item\">Home001<\/a><\/li>\n<li class=\"menu-item menu-item-type-post_type menu-item-object-page menu-item-2376\"><a href=\"https:\/\/createtemplate.es\/plantillaps\/home002\/\" class=\"wpr-menu-item wpr-pointer-item\">Home002<\/a><\/li>\n<li class=\"menu-item menu-item-type-post_type menu-item-object-page menu-item-2432\"><a href=\"https:\/\/createtemplate.es\/plantillaps\/home00\/\" class=\"wpr-menu-item wpr-pointer-item\">Home00<\/a><\/li>\n<li class=\"menu-item menu-item-type-post_type menu-item-object-page menu-item-2832\"><a href=\"https:\/\/createtemplate.es\/plantillaps\/ansiedad\/\" class=\"wpr-menu-item wpr-pointer-item\">ansiedad<\/a><\/li>\n<li class=\"menu-item menu-item-type-post_type menu-item-object-page menu-item-2917\"><a href=\"https:\/\/createtemplate.es\/plantillaps\/ansiedad00\/\" class=\"wpr-menu-item wpr-pointer-item\">ansiedad00<\/a><\/li>\n<li class=\"menu-item menu-item-type-post_type menu-item-object-page menu-item-2992\"><a href=\"https:\/\/createtemplate.es\/plantillaps\/modelo\/\" class=\"wpr-menu-item wpr-pointer-item\">modelo<\/a><\/li>\n<li class=\"menu-item menu-item-type-post_type menu-item-object-page menu-item-3134\"><a href=\"https:\/\/createtemplate.es\/plantillaps\/sobremivirg\/\" class=\"wpr-menu-item wpr-pointer-item\">sobremivirg<\/a><\/li>\n<li class=\"menu-item menu-item-type-post_type menu-item-object-page menu-item-3192\"><a href=\"https:\/\/createtemplate.es\/plantillaps\/modelo01\/\" class=\"wpr-menu-item wpr-pointer-item\">modelo01<\/a><\/li>\n<li class=\"menu-item menu-item-type-post_type menu-item-object-page menu-item-3315\"><a href=\"https:\/\/createtemplate.es\/plantillaps\/modelo02\/\" class=\"wpr-menu-item wpr-pointer-item\">modelo02<\/a><\/li>\n<li class=\"menu-item menu-item-type-post_type menu-item-object-page menu-item-3356\"><a href=\"https:\/\/createtemplate.es\/plantillaps\/modelo-03\/\" class=\"wpr-menu-item wpr-pointer-item\">modelo 03<\/a><\/li>\n<\/ul><\/nav><nav class=\"wpr-mobile-nav-menu-container\"><div class=\"wpr-mobile-toggle-wrap\"><div class=\"wpr-mobile-toggle\"><span class=\"wpr-mobile-toggle-line\"><\/span><span class=\"wpr-mobile-toggle-line\"><\/span><span class=\"wpr-mobile-toggle-line\"><\/span><\/div><\/div><ul id=\"mobile-menu-2-d2288b5\" class=\"wpr-mobile-nav-menu\"><li class=\"menu-item menu-item-type-post_type menu-item-object-page menu-item-home menu-item-58\"><a href=\"https:\/\/createtemplate.es\/plantillaps\/\" class=\"wpr-mobile-menu-item\">INICIO<\/a><\/li>\n<li class=\"menu-item menu-item-type-custom menu-item-object-custom menu-item-home menu-item-1015\"><a href=\"https:\/\/createtemplate.es\/plantillaps\/#coach\" class=\"wpr-mobile-menu-item\">COACH<\/a><\/li>\n<li class=\"menu-item menu-item-type-custom menu-item-object-custom menu-item-home menu-item-has-children menu-item-1016\"><a href=\"https:\/\/createtemplate.es\/plantillaps\/#psicologo\" class=\"wpr-mobile-menu-item\">PSICOLOGO<\/a>\n<ul class=\"sub-menu wpr-sub-menu\">\n\t<li class=\"menu-item menu-item-type-post_type menu-item-object-page menu-item-753\"><a href=\"https:\/\/createtemplate.es\/plantillaps\/terapia-individual\/\" class=\"wpr-mobile-sub-menu-item\">Terapia Individual<\/a><\/li>\n\t<li class=\"menu-item menu-item-type-post_type menu-item-object-page menu-item-1178\"><a href=\"https:\/\/createtemplate.es\/plantillaps\/terapia-de-pareja\/\" class=\"wpr-mobile-sub-menu-item\">Terapia de Pareja<\/a><\/li>\n\t<li class=\"menu-item menu-item-type-post_type menu-item-object-page menu-item-762\"><a href=\"https:\/\/createtemplate.es\/plantillaps\/terapia-familiar\/\" class=\"wpr-mobile-sub-menu-item\">Terapia Familiar<\/a><\/li>\n\t<li class=\"menu-item menu-item-type-post_type menu-item-object-page menu-item-765\"><a href=\"https:\/\/createtemplate.es\/plantillaps\/terapia-para-adolescentes\/\" class=\"wpr-mobile-sub-menu-item\">Terapia para Adolescentes<\/a><\/li>\n<\/ul>\n<\/li>\n<li class=\"menu-item menu-item-type-post_type menu-item-object-page menu-item-1002\"><a href=\"https:\/\/createtemplate.es\/plantillaps\/sobre-mi\/\" class=\"wpr-mobile-menu-item\">SOBRE M\u00cd<\/a><\/li>\n<li class=\"menu-item menu-item-type-post_type menu-item-object-page menu-item-1104\"><a href=\"https:\/\/createtemplate.es\/plantillaps\/blog\/\" class=\"wpr-mobile-menu-item\">BLOG<\/a><\/li>\n<li class=\"menu-item menu-item-type-custom menu-item-object-custom menu-item-home menu-item-43\"><a href=\"https:\/\/createtemplate.es\/plantillaps\/#contacto\" class=\"wpr-mobile-menu-item\">CONTACTO<\/a><\/li>\n<li class=\"menu-item menu-item-type-post_type menu-item-object-page menu-item-1394\"><a href=\"https:\/\/createtemplate.es\/plantillaps\/home\/\" class=\"wpr-mobile-menu-item\">Home<\/a><\/li>\n<li class=\"menu-item menu-item-type-post_type menu-item-object-page menu-item-1840\"><a href=\"https:\/\/createtemplate.es\/plantillaps\/home01\/\" class=\"wpr-mobile-menu-item\">Home01<\/a><\/li>\n<li class=\"menu-item menu-item-type-post_type menu-item-object-page menu-item-2032\"><a href=\"https:\/\/createtemplate.es\/plantillaps\/home04\/\" class=\"wpr-mobile-menu-item\">Home04<\/a><\/li>\n<li class=\"menu-item menu-item-type-post_type menu-item-object-page menu-item-2045\"><a href=\"https:\/\/createtemplate.es\/plantillaps\/home02\/\" class=\"wpr-mobile-menu-item\">Home02<\/a><\/li>\n<li class=\"menu-item menu-item-type-post_type menu-item-object-page menu-item-2272\"><a href=\"https:\/\/createtemplate.es\/plantillaps\/home004\/\" class=\"wpr-mobile-menu-item\">Home004<\/a><\/li>\n<li class=\"menu-item menu-item-type-post_type menu-item-object-page menu-item-2367\"><a href=\"https:\/\/createtemplate.es\/plantillaps\/home001\/\" class=\"wpr-mobile-menu-item\">Home001<\/a><\/li>\n<li class=\"menu-item menu-item-type-post_type menu-item-object-page menu-item-2376\"><a href=\"https:\/\/createtemplate.es\/plantillaps\/home002\/\" class=\"wpr-mobile-menu-item\">Home002<\/a><\/li>\n<li class=\"menu-item menu-item-type-post_type menu-item-object-page menu-item-2432\"><a href=\"https:\/\/createtemplate.es\/plantillaps\/home00\/\" class=\"wpr-mobile-menu-item\">Home00<\/a><\/li>\n<li class=\"menu-item menu-item-type-post_type menu-item-object-page menu-item-2832\"><a href=\"https:\/\/createtemplate.es\/plantillaps\/ansiedad\/\" class=\"wpr-mobile-menu-item\">ansiedad<\/a><\/li>\n<li class=\"menu-item menu-item-type-post_type menu-item-object-page menu-item-2917\"><a href=\"https:\/\/createtemplate.es\/plantillaps\/ansiedad00\/\" class=\"wpr-mobile-menu-item\">ansiedad00<\/a><\/li>\n<li class=\"menu-item menu-item-type-post_type menu-item-object-page menu-item-2992\"><a href=\"https:\/\/createtemplate.es\/plantillaps\/modelo\/\" class=\"wpr-mobile-menu-item\">modelo<\/a><\/li>\n<li class=\"menu-item menu-item-type-post_type menu-item-object-page menu-item-3134\"><a href=\"https:\/\/createtemplate.es\/plantillaps\/sobremivirg\/\" class=\"wpr-mobile-menu-item\">sobremivirg<\/a><\/li>\n<li class=\"menu-item menu-item-type-post_type menu-item-object-page menu-item-3192\"><a href=\"https:\/\/createtemplate.es\/plantillaps\/modelo01\/\" class=\"wpr-mobile-menu-item\">modelo01<\/a><\/li>\n<li class=\"menu-item menu-item-type-post_type menu-item-object-page menu-item-3315\"><a href=\"https:\/\/createtemplate.es\/plantillaps\/modelo02\/\" class=\"wpr-mobile-menu-item\">modelo02<\/a><\/li>\n<li class=\"menu-item menu-item-type-post_type menu-item-object-page menu-item-3356\"><a href=\"https:\/\/createtemplate.es\/plantillaps\/modelo-03\/\" class=\"wpr-mobile-menu-item\">modelo 03<\/a><\/li>\n<\/ul><\/nav>\t\t\t\t<\/div>\n\t\t\t\t<\/div>\n\t\t\t\t\t<\/div>\n\t\t\t\t<\/div>\n\t\t<div class=\"elementor-element elementor-element-ac9cafb e-flex e-con-boxed wpr-particle-no wpr-jarallax-no wpr-parallax-no wpr-sticky-section-no e-con e-parent\" data-id=\"ac9cafb\" data-element_type=\"container\">\n\t\t\t\t\t<div class=\"e-con-inner\">\n\t\t\t\t<div class=\"elementor-element elementor-element-7a4ea20 elementor-widget elementor-widget-heading\" data-id=\"7a4ea20\" data-element_type=\"widget\" data-widget_type=\"heading.default\">\n\t\t\t\t<div class=\"elementor-widget-container\">\n\t\t\t\t\t<h2 class=\"elementor-heading-title elementor-size-default\">Terapia de pareja<\/h2>\t\t\t\t<\/div>\n\t\t\t\t<\/div>\n\t\t\t\t<div class=\"elementor-element elementor-element-a03ca97 elementor-widget elementor-widget-text-editor\" data-id=\"a03ca97\" data-element_type=\"widget\" data-widget_type=\"text-editor.default\">\n\t\t\t\t<div class=\"elementor-widget-container\">\n\t\t\t\t\t\t\t\t\t<p>Psicologo en Madrid<\/p>\t\t\t\t\t\t\t\t<\/div>\n\t\t\t\t<\/div>\n\t\t\t\t\t<\/div>\n\t\t\t\t<\/div>\n\t\t<div class=\"elementor-element elementor-element-8c700df e-flex e-con-boxed wpr-particle-no wpr-jarallax-no wpr-parallax-no wpr-sticky-section-no e-con e-parent\" data-id=\"8c700df\" data-element_type=\"container\">\n\t\t\t\t\t<div class=\"e-con-inner\">\n\t\t<div class=\"elementor-element elementor-element-42f3cb3 e-con-full e-flex wpr-particle-no wpr-jarallax-no wpr-parallax-no wpr-sticky-section-no e-con e-child\" data-id=\"42f3cb3\" data-element_type=\"container\">\n\t\t\t\t<div class=\"elementor-element elementor-element-fd6647a elementor-widget elementor-widget-heading\" data-id=\"fd6647a\" data-element_type=\"widget\" data-widget_type=\"heading.default\">\n\t\t\t\t<div class=\"elementor-widget-container\">\n\t\t\t\t\t<h2 class=\"elementor-heading-title elementor-size-default\">\u00bfCu\u00e1ndo ir a terapia de pareja?<\/h2>\t\t\t\t<\/div>\n\t\t\t\t<\/div>\n\t\t\t\t<div class=\"elementor-element elementor-element-98e42f8 elementor-widget elementor-widget-text-editor\" data-id=\"98e42f8\" data-element_type=\"widget\" data-widget_type=\"text-editor.default\">\n\t\t\t\t<div class=\"elementor-widget-container\">\n\t\t\t\t\t\t\t\t\t<p>No existen dos parejas iguales, por lo que vosotros ten\u00e9is vuestras propias circunstancias que os llevan a plantearos hacer terapia.<\/p><p>No obstante, os indico algunas razones por las que las parejas vienen a terapia.<\/p><p>\u2013 Sent\u00eds que os es dif\u00edcil comunicaros, que ha continuos malentendidos.<\/p><p>\u2013 Os resulta dif\u00edcil plantear vuestras necesidades, y que estas no acaben en peleas, y tensi\u00f3n.<\/p><p>\u2013 Hab\u00e9is caido en la rutina, en la monoton\u00eda, cuando compart\u00eds tiempo juntos os aburr\u00eds.<\/p><p>\u2013 Los celos dificultan vuestra relaci\u00f3n.<\/p><p>\u2013 Ha habido una infidelidad, y no logr\u00e1is pasar p\u00e1gina.<\/p><p>\u2013 Ten\u00e9is problemas con la educaci\u00f3n de los hijos, y os cuesta poneros de acuerdo.<\/p><p>\u2013 Problemas familiares que os afectan, y alejan.<\/p><p>\u2013 Cada vez compart\u00eds menos cosas, hay desconfianza, y prefer\u00eds no hablar por no acabar discutiendo.<\/p><p>\u2013 Hay temas del pasado que no est\u00e1n resueltos, y que planean en vuestra relaci\u00f3n, dificultando vuestra comunicaci\u00f3n.<\/p><p>\u2013 Falta de objetivos comunes, de proyectos como pareja.<\/p>\t\t\t\t\t\t\t\t<\/div>\n\t\t\t\t<\/div>\n\t\t\t\t<\/div>\n\t\t<div class=\"elementor-element elementor-element-94199fa e-con-full e-flex wpr-particle-no wpr-jarallax-no wpr-parallax-no wpr-sticky-section-no e-con e-child\" data-id=\"94199fa\" data-element_type=\"container\">\n\t\t\t\t<div class=\"elementor-element elementor-element-6be6343 elementor-widget elementor-widget-image\" data-id=\"6be6343\" data-element_type=\"widget\" data-widget_type=\"image.default\">\n\t\t\t\t<div class=\"elementor-widget-container\">\n\t\t\t\t\t\t\t\t\t\t\t\t\t\t\t<img fetchpriority=\"high\" decoding=\"async\" width=\"800\" height=\"800\" src=\"https:\/\/createtemplate.es\/plantillaps\/wp-content\/uploads\/2024\/11\/terapia-pareja-1.png\" class=\"attachment-large size-large wp-image-1173\" alt=\"\" srcset=\"https:\/\/createtemplate.es\/plantillaps\/wp-content\/uploads\/2024\/11\/terapia-pareja-1.png 800w, https:\/\/createtemplate.es\/plantillaps\/wp-content\/uploads\/2024\/11\/terapia-pareja-1-300x300.png 300w, https:\/\/createtemplate.es\/plantillaps\/wp-content\/uploads\/2024\/11\/terapia-pareja-1-150x150.png 150w, https:\/\/createtemplate.es\/plantillaps\/wp-content\/uploads\/2024\/11\/terapia-pareja-1-768x768.png 768w, https:\/\/createtemplate.es\/plantillaps\/wp-content\/uploads\/2024\/11\/terapia-pareja-1-600x600.png 600w\" sizes=\"(max-width: 800px) 100vw, 800px\" \/>\t\t\t\t\t\t\t\t\t\t\t\t\t\t\t<\/div>\n\t\t\t\t<\/div>\n\t\t\t\t<\/div>\n\t\t\t\t\t<\/div>\n\t\t\t\t<\/div>\n\t\t\t\t<\/div>\n\t\t","protected":false},"excerpt":{"rendered":"<p>INICIO COACH PSICOLOGO Terapia Individual Terapia de Pareja Terapia Familiar Terapia para Adolescentes SOBRE M\u00cd BLOG CONTACTO INICIO COACH PSICOLOGO Terapia Individual Terapia de Pareja Terapia Familiar Terapia para Adolescentes SOBRE M\u00cd BLOG CONTACTO Terapia de pareja Psicologo en Madrid \u00bfCu\u00e1ndo ir a terapia de pareja? No existen dos parejas iguales, por lo que vosotros ten\u00e9is vuestras propias circunstancias que os llevan a plantearos hacer terapia. No obstante, os indico algunas razones por las que las parejas vienen a terapia. \u2013 Sent\u00eds que os es dif\u00edcil comunicaros, que ha continuos malentendidos. \u2013 Os resulta dif\u00edcil plantear vuestras necesidades, y que estas no acaben en peleas, y tensi\u00f3n. \u2013 Hab\u00e9is caido en la rutina, en la monoton\u00eda, cuando compart\u00eds tiempo juntos os aburr\u00eds. \u2013 Los celos dificultan vuestra relaci\u00f3n. \u2013 Ha habido una infidelidad, y no logr\u00e1is pasar p\u00e1gina. \u2013 Ten\u00e9is problemas con la educaci\u00f3n de los hijos, y os cuesta poneros de acuerdo. \u2013 Problemas familiares que os afectan, y alejan. \u2013 Cada vez compart\u00eds menos cosas, hay desconfianza, y prefer\u00eds no hablar por no acabar discutiendo. \u2013 Hay temas del pasado que no est\u00e1n resueltos, y que planean en vuestra relaci\u00f3n, dificultando vuestra comunicaci\u00f3n. \u2013 Falta de objetivos comunes, de proyectos como pareja.<\/p>\n","protected":false},"author":1,"featured_media":0,"parent":0,"menu_order":0,"comment_status":"closed","ping_status":"closed","template":"","meta":{"ocean_post_layout":"full-screen","ocean_both_sidebars_style":"","ocean_both_sidebars_content_width":0,"ocean_both_sidebars_sidebars_width":0,"ocean_sidebar":"","ocean_second_sidebar":"","ocean_disable_margins":"enable","ocean_add_body_class":"","ocean_shortcode_before_top_bar":"","ocean_shortcode_after_top_bar":"","ocean_shortcode_before_header":"","ocean_shortcode_after_header":"","ocean_has_shortcode":"","ocean_shortcode_after_title":"","ocean_shortcode_before_footer_widgets":"","ocean_shortcode_after_footer_widgets":"","ocean_shortcode_before_footer_bottom":"","ocean_shortcode_after_footer_bottom":"","ocean_display_top_bar":"off","ocean_display_header":"off","ocean_header_style":"","ocean_center_header_left_menu":"","ocean_custom_header_template":"","ocean_custom_logo":0,"ocean_custom_retina_logo":0,"ocean_custom_logo_max_width":0,"ocean_custom_logo_tablet_max_width":0,"ocean_custom_logo_mobile_max_width":0,"ocean_custom_logo_max_height":0,"ocean_custom_logo_tablet_max_height":0,"ocean_custom_logo_mobile_max_height":0,"ocean_header_custom_menu":"","ocean_menu_typo_font_family":"","ocean_menu_typo_font_subset":"","ocean_menu_typo_font_size":0,"ocean_menu_typo_font_size_tablet":0,"ocean_menu_typo_font_size_mobile":0,"ocean_menu_typo_font_size_unit":"px","ocean_menu_typo_font_weight":"","ocean_menu_typo_font_weight_tablet":"","ocean_menu_typo_font_weight_mobile":"","ocean_menu_typo_transform":"","ocean_menu_typo_transform_tablet":"","ocean_menu_typo_transform_mobile":"","ocean_menu_typo_line_height":0,"ocean_menu_typo_line_height_tablet":0,"ocean_menu_typo_line_height_mobile":0,"ocean_menu_typo_line_height_unit":"","ocean_menu_typo_spacing":0,"ocean_menu_typo_spacing_tablet":0,"ocean_menu_typo_spacing_mobile":0,"ocean_menu_typo_spacing_unit":"","ocean_menu_link_color":"","ocean_menu_link_color_hover":"","ocean_menu_link_color_active":"","ocean_menu_link_background":"","ocean_menu_link_hover_background":"","ocean_menu_link_active_background":"","ocean_menu_social_links_bg":"","ocean_menu_social_hover_links_bg":"","ocean_menu_social_links_color":"","ocean_menu_social_hover_links_color":"","ocean_disable_title":"on","ocean_disable_heading":"default","ocean_post_title":"","ocean_post_subheading":"","ocean_post_title_style":"","ocean_post_title_background_color":"","ocean_post_title_background":0,"ocean_post_title_bg_image_position":"","ocean_post_title_bg_image_attachment":"","ocean_post_title_bg_image_repeat":"","ocean_post_title_bg_image_size":"","ocean_post_title_height":0,"ocean_post_title_bg_overlay":0.5,"ocean_post_title_bg_overlay_color":"","ocean_disable_breadcrumbs":"off","ocean_breadcrumbs_color":"","ocean_breadcrumbs_separator_color":"","ocean_breadcrumbs_links_color":"","ocean_breadcrumbs_links_hover_color":"","ocean_display_footer_widgets":"off","ocean_display_footer_bottom":"off","ocean_custom_footer_template":"","footnotes":""},"class_list":["post-1170","page","type-page","status-publish","hentry","entry"],"_links":{"self":[{"href":"https:\/\/createtemplate.es\/plantillaps\/wp-json\/wp\/v2\/pages\/1170","targetHints":{"allow":["GET"]}}],"collection":[{"href":"https:\/\/createtemplate.es\/plantillaps\/wp-json\/wp\/v2\/pages"}],"about":[{"href":"https:\/\/createtemplate.es\/plantillaps\/wp-json\/wp\/v2\/types\/page"}],"author":[{"embeddable":true,"href":"https:\/\/createtemplate.es\/plantillaps\/wp-json\/wp\/v2\/users\/1"}],"replies":[{"embeddable":true,"href":"https:\/\/createtemplate.es\/plantillaps\/wp-json\/wp\/v2\/comments?post=1170"}],"version-history":[{"count":25,"href":"https:\/\/createtemplate.es\/plantillaps\/wp-json\/wp\/v2\/pages\/1170\/revisions"}],"predecessor-version":[{"id":1199,"href":"https:\/\/createtemplate.es\/plantillaps\/wp-json\/wp\/v2\/pages\/1170\/revisions\/1199"}],"wp:attachment":[{"href":"https:\/\/createtemplate.es\/plantillaps\/wp-json\/wp\/v2\/media?parent=1170"}],"curies":[{"name":"wp","href":"https:\/\/api.w.org\/{rel}","templated":true}]}}